f 450500219?
5
What is the millions digit of 2704029243?
4
What is the ten millions digit of 275499862?
7
What is the units digit of 259287221?
1
What is the ten millions digit of 19065447?
1
What is the hundreds digit of 49198417?
4
What is the ten thousands digit of 5051991143?
9
What is the hundred thousands digit of 484229276?
2
What is the ten millions digit of 38200770?
3
What is the thousands digit of 189011520?
1
What is the hundreds digit of 428140708?
7
What is the hundred millions digit of 156100383?
1
What is the tens digit of 54628460?
6
What is the ten thousands digit of 465676437?
7
What is the ten thousands digit of 3049554703?
5
What is the hundred thousands digit of 842468675?
4
What is the ten thousands digit of 888184983?
8
What is the ten thousands digit of 1036760287?
6
What is the thousands digit of 778116441?
6
What is the ten thousands digit of 147097201?
9
What is the tens digit of 85633720?
2
What is the ten millions digit of 76741287?
7
What is the units digit of 81787122?
2
What is the hundred thousands digit of 62928489?
9
What is the tens digit of 116637298?
9
What is the millions digit of 458699549?
8
What is the millions digit of 29729236?
9
What is the thousands digit of 56671415?
1
What is the units digit of 486486194?
4
What is the tens digit of 1268342846?
4
What is the hundred millions digit of 509231778?
5
What is the tens digit of 1301013350?
5
What is the thousands digit of 5025184510?
4
What is the hundreds digit of 1248131330?
3
What is the ten millions digit of 22108047?
2
What is the hundred thousands digit of 430318723?
3
What is the ten thousands digit of 256930018?
3
What is the thousands digit of 99707148?
7
What is the thousands digit of 57568583?
8
What is the tens digit of 188895034?
3
What is the thousands digit of 6464869823?
9
What is the hundreds digit of 551876975?
9
What is the hundreds digit of 132449517?
5
What is the ten thousands digit of 293950855?
5
What is the hundreds digit of 180918572?
5
What is the millions digit of 11136351?
1
What is the hundred millions digit of 357304482?
3
What is the ten thousands digit of 45227020?
2
What is the millions digit of 102251396?
2
What is the ten thousands digit of 809568285?
6
What is the hundred millions digit of 1605403002?
6
What is the ten millions digit of 2393008408?
9
What is the units digit of 908985971?
1
What is the hundred thousands digit of 10131682?
1
What is the units digit of 96530888?
8
What is the tens digit of 281805425?
2
What is the hundred thousands digit of 6350553033?
5
What is the hundred thousands digit of 3574404996?
4
What is the millions digit of 3276247781?
6
What is the ten thousands digit of 46226271?
2
What is the units digit of 64222825?
5
What is the ten millions digit of 1060071172?
6
What is the units digit of 36365950?
0
What is the hundred thousands digit of 50525723?
5
What is the millions digit of 1220437895?
0
What is the millions digit of 36919426?
6
What is the ten thousands digit of 245906870?
0
What is the ten millions digit of 239587490?
3
What is the tens digit of 352818940?
4
What is the units digit of 327620934?
4
What is the hundred thousands digit of 18694767?
6
What is the tens digit of 302846067?
6
What is the hundred thousands digit of 412923241?
9
What is the units digit of 1514641128?
8
What is the ten thousands digit of 1051019575?
1
What is the hundreds digit of 88616589?
5
What is the hundreds digit of 3225212387?
3
What is the ten thousands digit of 247524659?
2
What is the hundred thousands digit of 299540126?
5
What is the ten thousands digit of 13185983?
8
What is the units digit of 2144699300?
0
What is the tens digit of 1390702575?
7
What is the hundreds digit of 1257499400?
4
What is the thousands digit of 45156377?
6
What is the tens digit of 872409858?
5
What is the thousands digit of 4198015?
8
What is the ten thousands digit of 1996531317?
3
What is the millions digit of 1834405124?
4
What is the tens digit of 44687496?
9
What is the hundreds digit of 46347889?
8
What is the billions digit of 2240918939?
2
What is the ten millions digit of 821892981?
2
What is the hundred thousands digit of 409929566?
9
What is the units digit of 14464664?
4
What is the units digit of 48205154?
4
What is the tens digit of 352714388?
8
What is the millions digit of 463008113?
3
What is the hundred millions digit of 581322450?
5
What is the hundred thousands digit of 712403326?
4
What is the hundred millions digit of 2340503095?
3
What is the ten millions digit of 129729893?
2
What is the hundreds digit of 26179251?
2
What is the millions digit of 24540482?
4
What is the ten millions digit of 186832393?
8
What is the hundreds digit of 91468558?
5
What is the millions digit of 5172190019?
2
What is the units digit of 300310516?
6
What is the ten thousands digit of 2383578132?
7
What is the thousands digit of 94049707?
9
What is the tens digit of 595804279?
7
What is the hundreds digit of 972688034?
0
What is the ten thousands digit of 24287393?
8
What is the tens digit of 2286231830?
3
What is the hundred thousands digit of 70324099?
3
What is the ten thousands digit of 63072863?
7
What is the thousands digit of 82067370?
7
What is the units digit of 51745067?
7
What is the ten thousands digit of 74643603?
4
What is the ten millions digit of 40340383?
4
What is the hundred thousands digit of 15569416?
5
What is the hundred thousands digit of 2066054744?
0
What is the ten thousands digit of 1782931935?
3
What is the tens digit of 40106600?
0
What is the hundred millions digit of 1133133897?
1
What is the hundreds digit of 98248815?
8
What is the units digit of 8656632?
2
What is the hundred millions digit of 445530483?
4
What is the millions digit of 1057821240?
7
What is the ten thousands digit of 184371066?
7
What is the ten thousands digit of 72990148?
9
What is the units digit of 55553556?
6
What is the hundreds digit of 218699552?
5
What is the millions digit of 1374007647?
4
What is the hundred millions digit of 195302347?
1
What is the millions digit of 874728270?
4
What is the ten thousands digit of 1766607879?
0
What is the hundred thousands digit of 1659289132?
2
What is the units digit of 1406521746?
6
What is the hundred thousands digit of 3255989?
2
What is the hundred thousands digit of 1076932463?
9
What is the thousands digit of 2171912902?
2
What is the billions digit of 1695972108?
1
What is the hundred millions digit of 4408749395?
4
What is the hundreds digit of 221805803?
8
What is the hundred thousands digit of 1420937769?
9
What is the hundreds digit of 172445191?
1
What is the ten thousands digit of 35023492?
2
What is the thousands digit of 1505870793?
0
What is the ten millions digit of 164667973?
6
What is the units digit of 6874466234?
4
What is the ten millions digit of 32979570?
3
What is the millions digit of 46033625?
6
What is the units digit of 205990411?
1
What is the thousands digit of 4098293590?
3
What is the thousands digit of 6331608322?
8
What is the billions digit of 1478392032?
1
What is the ten millions digit of 825258644?
2
What is the ten thousands digit of 2277614881?
1
What is the tens digit of 31764673?
7
What is the thousands digit of 66444898?
4
What is the ten thousands digit of 1592149182?
4
What is the hundred thousands digit of 85382805?
3
What is the tens digit of 48524836?
3
What is the hundreds digit of 235826332?
3
What is the thousands digit of 48698616?
8
What is the millions digit of 1647989?
1
What is the thousands digit of 449252450?
2
What is the units digit of 16779251?
1
What is the thousands digit of 2841501526?
1
What is the tens digit of 7093792975?
7
What is the millions digit of 136421311?
6
What is the ten millions digit of 5497302676?
9
What is the thousands digit of 789316674?
6
What is the millions digit of 4610967091?
0
What is the thousands digit of 23506364?
6
What is the millions digit of 7389408?
7
What is the units digit of 13598405?
5
What is the millions digit of 4195144346?
5
What is the hundreds digit of 30122790?
7
What is the tens digit of 7746251306?
0
What is the tens digit of 3417291860?
6
What is the thousands digit of 40189893?
9
What is the ten thousands digit of 32340581?
4
What is the units d